s(3)?
-3
Let c(k) = -k**2 - 6*k + 12. What is c(3)?
-15
Let n(w) = -w**3 + 18*w**2 - 19*w + 28. Calculate n(17).
-6
Let x(t) = -3*t + 3. Calculate x(-3).
12
Let l(v) = 13*v + 4. Give l(-2).
-22
Let a(u) = u**3 - 6*u**2 - 11*u + 6. What is a(7)?
-22
Let u(s) = 4*s**3 - 2*s**2 + 2*s + 1. What is u(1)?
5
Let b(k) = 2*k - 6. Give b(-1).
-8
Let p(c) = c**2 + 35*c - 72. Give p(-37).
2
Let k(s) = -s - 6. Calculate k(-2).
-4
Let h(p) = -p**3 - 20*p**2 + p + 27. Calculate h(-20).
7
Let i(x) = -17*x - 76. What is i(-4)?
-8
Let f(g) = -3*g + 4. What is f(4)?
-8
Let j(m) = -5*m**2 - 86*m - 20. Give j(-17).
-3
Let q(p) = p**2 - 14*p - 2. Give q(11).
-35
Let w(v) = v**3 - 6*v**2 + 4*v + 5. Give w(5).
0
Let s(u) = -u + 6. What is s(0)?
6
Let v(j) = -j**3 + 9*j**2 + 3*j + 9. Determine v(9).
36
Let q(l) = -21*l**2 + l. Give q(1).
-20
Let o(r) = 2*r**3 + 6*r**2 - 2*r + 8. Determine o(3).
110
Let g(p) = 5*p**3 + p**2 + p - 4. Give g(2).
42
Let l(c) = 6*c + 65. What is l(0)?
65
Let s(p) = -2*p**3 - 34*p**2 + 4*p + 64. What is s(-17)?
-4
Let a(z) = -z**2 - 10*z + 32. Calculate a(-12).
8
Let z(l) = -3*l**3 + 47*l**2 - 29*l - 34. What is z(15)?
-19
Let s(u) = -23*u - 97. Calculate s(-5).
18
Let o(x) = -3*x + 76. Give o(19).
19
Let j(m) = -11*m**3 - m**2 + m + 2. What is j(-1)?
11
Let z(f) = -f**2 + 22*f + 60. Calculate z(24).
12
Let a(i) = -i**2 + 23*i - 39. Determine a(22).
-17
Let u(c) = -c**3 + 6*c**2 + c - 4. Determine u(5).
26
Let u(h) = h**3 + 6*h**2 + 5*h. Give u(-5).
0
Let b(n) = 17*n**2 - 5*n + 3. Give b(3).
141
Let u(z) = 7*z - 128. Give u(19).
5
Let s(u) = -u**3 - 18*u**2 - 18*u - 42. Give s(-17).
-25
Let g(u) = -u**3 - 4*u**2 - 2*u + 16. Give g(-4).
24
Let v(f) = -f - 28. Give v(-10).
-18
Let t(b) = b**3 - 5*b**2 - 47. What is t(6)?
-11
Let n(h) = -h**2 + 18*h - 75. What is n(11)?
2
Let r(x) = -x**3 + 10*x**2 - 10*x - 3. What is r(9)?
-12
Let c(f) = 11*f + 134. Give c(-12).
2
Let h(x) = x + 1. Determine h(-8).
-7
Let c(y) = -y**3 + 6*y**2 - 3*y - 4. What is c(5)?
6
Let t(j) = -2*j**2 + 5*j - 1. Determine t(-5).
-76
Let y(l) = -l**3 - 54*l**2 - 103*l + 46. Determine y(-52).
-6
Let s(u) = u**3 - 8*u**2 - 5*u - 37. Give s(9).
-1
Let y(l) = l**2 + 4*l + 7. Calculate y(-6).
19
Let p(b) = b**3 - 3*b**2 - 6*b + 25. Determine p(3).
7
Let a(d) = d**2 - 11*d - 28. What is a(12)?
-16
Let h(z) = z**3 - 6*z**2 - 5*z - 16. Give h(7).
-2
Let y(z) = z**2 + 2*z - 2. What is y(-3)?
1
Let x(u) = u - 5. Calculate x(5).
0
Let r(j) = -j**3 - 10*j**2 - 3*j + 77. What is r(-9)?
23
Let f(j) = j**2 + 4*j + 3. Calculate f(-3).
0
Let i(u) = u + 15. Calculate i(-11).
4
Let s(o) = -o**2 + 10*o + 5. Calculate s(7).
26
Let q(z) = 17*z - 1. Determine q(-3).
-52
Let r(c) = -7*c + 134. What is r(21)?
-13
Let c(t) = -11*t - 3. Determine c(9).
-102
Let o(h) = h**2 - 2*h - 15. Give o(3).
-12
Let k(n) = -n**3 + 41*n**2 + 42*n - 34. Calculate k(42).
-34
Let g(o) = 9*o + 461. What is g(-52)?
-7
Let y(w) = -w**2 + 2*w - 2. Determine y(-2).
-10
Let x(d) = d - 5. What is x(6)?
1
Let w(u) = -u**2 - 32*u + 577. Give w(-45).
-8
Let c(z) = -z**3 - 16*z**2 - 15*z - 27. Calculate c(-15).
-27
Let t(s) = s + 20. Determine t(-14).
6
Let x(v) = -v**3 - 6*v**2 + 23*v - 32. Give x(-9).
4
Let q(t) = -4*t - 49. What is q(-14)?
7
Let r(g) = g**3 + 21*g**2 + 21*g + 22. Calculate r(-20).
2
Let w(s) = -s**3 - 9*s**2 - 10*s - 6. Give w(-6).
-54
Let h(v) = 3*v**2 - 5. Determine h(-5).
70
Let t(j) = -11*j - 47. What is t(-5)?
8
Let q(z) = -51*z + 55. Determine q(1).
4
Let p(o) = o**2 + 9*o - 6. Calculate p(-10).
4
Let x(i) = -114*i - 791. Give x(-7).
7
Let k(j) = -j**3 + 32*j**2 + 31*j + 70. What is k(33)?
4
Let i(d) = -d**2 - 10*d - 11. Determine i(-4).
13
Let c(a) = 4*a**2 - 3*a - 4. Calculate c(-3).
41
Let n(k) = -k**2 + 2*k + 6. Give n(-2).
-2
Let g(t) = -t**3 - 4*t**2 + 5*t - 4. What is g(-5)?
-4
Let j(c) = c + 12. Determine j(-7).
5
Let k(v) = 2*v + 47. Give k(-21).
5
Let d(p) = -4*p + 23. Calculate d(11).
-21
Let l(s) = s**3 + 24*s**2 + 23*s + 7. Give l(-23).
7
Let o(v) = v**3 - 8*v**2 - 3*v + 16. Give o(8).
-8
Let h(f) = -f**3 - f**2 + 2*f + 1. Determine h(2).
-7
Let b(v) = v**3 - 12*v**2 - 11*v - 17. Give b(13).
9
Let q(a) = -6*a - 60. Calculate q(-10).
0
Let j(b) = -5*b - 8. Give j(-6).
22
Let t(z) = -17*z + 112. Give t(7).
-7
Let t(s) = -s**2 - 22*s - 4. Calculate t(-20).
36
Let m(k) = 3*k**3 + 21*k**2 + 15*k + 3. Determine m(-6).
21
Let b(z) = z**2 - 2*z - 3. Determine b(-1).
0
Let h(p) = -p**3 + 14*p**2 - 4*p - 131. What is h(13)?
-14
Let v(b) = -9*b + 71. What is v(9)?
-10
Let l(p) = 38*p**2 + 2. Calculate l(1).
40
Let n(c) = -9*c - 215. Calculate n(-24).
1
Let w(l) = l**2 - 30*l - 103. Determine w(32).
-39
Let v(l) = 4*l - 169. Calculate v(42).
-1
Let s(t) = t**3 - 23*t**2 + 22*t - 18. Determine s(22).
-18
Let n(a) = a**3 - 4*a**2 - 6*a - 8. Give n(6).
28
Let j(n) = -5*n**3 - n**2 - n - 3. Calculate j(-2).
35
Let i(m) = 12*m - 57. What is i(6)?
15
Let q(l) = -5*l - 20. Give q(12).
-80
Let n(u) = u**2 + 41*u - 6. Give n(-41).
-6
Let p(q) = -2*q**2 + 4*q + 2. What is p(5)?
-28
Let k(a) = -a**2 + 13*a - 5. Give k(12).
7
Let j(g) = -4*g**2 - 6*g - 16. Give j(-3).
-34
Let s(p) = 10*p + 95. Calculate s(-9).
5
Let y(c) = 2*c - 28. Give y(0).
-28
Let f(b) = 6*b**3 + 2*b**2 - b + 1. Calculate f(1).
8
Let g(o) = -20*o + 161. Give g(8).
1
Let p(o) = 8*o - 14. Give p(-2).
-30
Let a(x) = x**3 + x**2 + x - 6. Give a(-3).
-27
Let i(g) = -11*g**2 + 64*g - 8. Give i(6).
-20
Let k(o) = -o**2 - 4*o + 19. Give k(-8).
-13
Let j(h) = -h**3 + 8*h**2 - 14*h + 13. Calculate j(7).
-36
Let n(g) = 6*g - 91. Give n(16).
5
Let x(v) = 56*v - 1. What is x(-1)?
-57
Let n(h) = -3*h**2 - 29*h - 58. Determine n(-7).
-2
Let l(i) = 2*i**2 - 26*i + 45. What is l(11)?
1
Let q(c) = 2*c + 29. Determine q(-18).
-7
Let h(d) = -5*d**3 - 2*d**2 - 3*d - 2. Give h(-2).
36
Let x(b) = 3*b + 5. What is x(8)?
29
Let u(f) = f**3 + 4*f**2 - 6*f + 4. Give u(-6).
-32
Let w(d) = d**3 - 14*d**2 + 42*d + 39. What is w(9)?
12
Let o(c) = -c**2 + 23*c - 36. What is o(22)?
-14
Let z(o) = o**2 + 6*o - 1. Determine z(-5).
-6
Let m(s) = 2*s**2 + 2*s - 6. Give m(-3).
6
Let x(y) = -4*y + 17. Calculate x(-3).
29
Let n(s) = -2*s + 1. What is n(-10)?
21
Let k(p) = -p**2 + 19*p + 46. Determine k(22).
-20
Let p(r) = -16*r**2 - 94*r + 4. Determine p(-6).
-8
Let t(c) = c**3 - 13*c**2 + c - 29. What is t(13)?
-16
Let g(b) = -4*b + 15. Give g(6).
-9
Let x(t) = -t**3 + 6*t**2 - 5*t - 2. What is x(4)?
10
Let y(j) = -2*j**2 + 16*j - 7. Determine y(5).
23
Let r(a) = a**2 + 4. Determine r(-3).
13
Let k(c) = 27*c - 76. Calculate k(3).
5
Let h(o) = -o**3 - 12*o**2 + 25*o - 2. Determine h(-14).
40
Let n(z) = 10*z - 47. Calculate n(4).
-7
Let z(m) = -m**2 + 6*m - 21. Calculate z(5).
-16
Let w(f) = 4*f**2 - 13*f - 1. What is w(5)?
34
Let z(a) = 4*a + 6. Determine z(-6).
-18
Let m(p) = -2*p**2 + 6*p - 3. Determine m(5).
-23
Let d(t) = 3*t + 35. Determine d(-14).
-7
Let r(i) = i**2 - 19*i + 43. Determine r(18).
25
Let t(o) = -2*o - 24. Give t(-12).
0
Let o(m) = 3*m - 13. What is o(4)?
-1
Let z(f) = 2*f - 4. Calculate z(10).
16
Let k(t) = -4*t**3 + 2*t**2 + t - 4. Calculate k(-2).
34
Let q(v) = -3*v**2 - 13*v - 21. Determine q(-7).
-77
Let m(u) = 30*u + 215. Determine m(-7).
5
Let z(m) = -2*m**2 - 35*m - 39. Determine z(-16).
9
Let q(d) = 11*d**3 - 2*d + 1. What is q(1)?
10
Let d(z) = 2*z**3 + 2*z**2 + 2. Calculate d(-2).
-6
Let n(u) = -u**2 - 9*u + 32. Calculate n(-12).
-4
Let z(p) = 4*p + 48. What is z(-26)?
-56
Let q(d) = -7*d + 9. Determine q(-7).
58
Let s(m) = m**2 + 3*m - 41. Determine s(5).
-1
Let q(o) = -3*o**3 - 146*o**2 + 49*o - 10. What is q(-49)?
-10
Let w(c) = 17*c + 4. Determine w(-1).
-13
Let r(g) = -4*g + 16. Calculate r(5).
-4
Let k(q) = q**2 + 5*q - 2. Give k(-4).
-6
Let f(d) = d**3 + 11*d**2 + 13*d - 18. What is f(-10)?
-48
Let u(c) = -c**3 - 16*c**2 + 14*c - 52. Determine u(-17).
-1
Let l(q) = -q**2 + 6*q - 2. Determine l(6).
-2
Let h(d) = -d**3 + 10*d**2 - 10*d + 5. What is h(9)?
-4
Let a(o) = -4*o - 16. Calculate a(-3).
-4
Let z(n) = 25*n**3 + 2*n**2 - 2*n + 1. Calculate z(1).
26
Let d(x) = 3*x**2 - 52*x - 35. Calculate d(18).
1
Let n(f) = -f**3 - 9*f**2 + 10*f + 8. What is n(-9)?
-82
Let l(o) = o**3 + 3*o**2 - 4*o - 3. What is l(-5)?
-33
Let x(q) = -q**2 + 22*q - 